 -28 = -r*a + 8*a. Let g(i) = 2*i**2 - 17*i + 8. Let x(f) = f**2 - 9*f + 4. Let l(u) = a*x(u) + 4*g(u). What is l(5)?
4
Let a(g) be the third derivative of -g**6/120 + 7*g**5/60 - g**4/6 + g**3/2 + 8*g**2. Let p = 248 + -502. Let d = p - -260. Calculate a(d).
15
Let b(p) be the second derivative of -p**5/20 + 7*p**4/12 - p**3 - p**2 + 4*p + 63. What is b(6)?
-2
Let l = 303 + -319. Let g(f) = -f**3 - 15*f**2 + 17*f + 16. Give g(l).
0
Let p(l) = 3*l + 45. Let n be p(-15). Suppose n = 7*q + 50 - 29. Let r(t) = 8*t + 3. What is r(q)?
-21
Let m be -15*2*9/(-6). Let k = m + -14. Let h(s) = -16*s + k*s - 20*s. Calculate h(-2).
10
Let m = 2881 - 2877. Let r(d) = -7*d + 34. What is r(m)?
6
Let y(j) = -13*j**2 + 14*j - 36. Let w(b) = -2*b**2 + b - 4. Let a(m) = 6*w(m) - y(m). Give a(5).
-3
Suppose 0 = w - 6*w + p - 10, w - 5*p + 26 = 0. Let u(h) = 6*h**3 + 5*h**2 + 3*h + 1. What is u(w)?
-3
Suppose -64*m + 60 = -68*m. Let s be (4/3)/1*(12 + m). Let h(g) = 3 - 5*g + 3*g + 3*g. Give h(s).
-1
Suppose -p + o = -7, -o - 5 = 3*p - 18. Let v(x) = x - 5*x - p*x + 8*x. Suppose 6 = -i - 0. What is v(i)?
6
Let t be (-5 + 2)/(0 + 33/(-44)). Let m(z) = -z**3 + 3*z**2 + 4*z - 5. What is m(t)?
-5
Suppose -3*w + h = -5 - 8, 5*h = -3*w - 11. Let t(c) = c**2 + 0*c**w - 6*c**2 + 2 - c**3. Let o be 220/(-30) - (-294)/126. Calculate t(o).
2
Let z(q) be the second derivative of q**3/6 - 3*q**2 - q. Let n(u) = 5*u**3 - 60*u**2 + 2*u + 18. Let v be n(12). Suppose 32*f - 26*f = v. Calculate z(f).
1
Let m(l) be the second derivative of -l**4/12 + 17*l**3/6 - 6*l**2 + 288*l. Give m(13).
40
Let d(j) = -j - j + 24*j - 17*j + 105 + 2*j. Calculate d(-26).
-77
Suppose 54 = n - v, -2*n = -n + v - 58. Let d(h) = -4 - 53*h + n*h + 3. Let x = 10 - 7. Give d(x).
8
Let r be ((-5)/2)/(2/(-4)). Let v(s) = -4*s**2 + 2*s**2 + 3*s**2 - s**3 + 153745 + 4*s**2 - 153741. Give v(r).
4
Let s(u) = u**3 - 3 + 3*u**2 - 2*u - 2*u + u**2. Let c = -1637 + 944. Let f = c + 688. Determine s(f).
-8
Let k(u) = 0 + 1 - 2*u - 4 + 3*u. Let a = 105 + -93. Let i be 2/((-2)/(-12) + (-8)/a). Calculate k(i).
-7
Let h = 3040 - 3046. Let o(q) = -11*q - 15. Determine o(h).
51
Suppose 2*i - 1 = i, 3*i = u + 4. Let s(m) = 70 - 2*m - 5*m - 402 + 78 + 77 + 173. What is s(u)?
3
Let x(c) = 3*c - 7. Let v be ((-18)/(-33))/(-3) - (-2250)/275. Calculate x(v).
17
Let l be 3*12/(-9) + (-11)/(154/(-70)). Let g(u) = 6*u**3 - 2*u**2 - u + 2. Calculate g(l).
5
Let d(m) = -5*m - 17. Let a(k) = k + 1. Let i(l) = -4*a(l) - d(l). Let j = 4249 + -4253. What is i(j)?
9
Suppose 0 = -2*j - 54 + 26. Let v(i) = -i**3 - 11*i**2 + 43*i + 18. Let w be v(j). Let f(m) = 2*m**2 - 8*m - 1. Give f(w).
-1
Let s(m) be the third derivative of m**4/24 - 5*m**3/3 + m**2 - 43. Suppose 5*i = 4*b - 30, 4*b - 4*i - 22 = -3*i. Suppose -b*f + 6*f = 0. Give s(f).
-10
Let t(i) = 3*i + 5. Suppose 3*v + 28 = -2*v + 2*f, -v + 5*f = 24. Let b be t(v). Let r be -3 - b/(35/10). Let a(y) = 8*y**3 - y. Determine a(r).
-7
Let d(w) = 13*w**2 + 2*w + 12. Let j(a) = 16*a**2 - a + 11. Let z(f) = -5*d(f) + 4*j(f). Suppose -m = -2*m - 12. Give z(m).
8
Let t(v) = -10*v**2 + 19*v + 15. Let k(r) = -34*r**2 + 58*r + 48. Let y(o) = 2*k(o) - 7*t(o). Give y(8).
-17
Let r = -36 - -44. Suppose 22*m - 24*m + r = 0. Suppose 0*l + 12 = -m*l. Let n(x) = -x**3 - 3*x**2 + 2*x + 1. Give n(l).
-5
Let o(p) = 5*p + 6*p - 158 - 12*p + 160 + 2*p. What is o(5)?
7
Let b(s) be the third derivative of s + 1/6*s**3 + 0 - 13/30*s**5 + 1/24*s**4 - 2*s**2. Determine b(-1).
-26
Let f(a) = -a - 1. Let o(d) = -d**2 - 8*d + 25. Let n(u) = 3*f(u) - o(u). Let r be n(4). Let l(b) = b - 6. Give l(r).
2
Let r(z) = 5352 - 10691 + 4*z + 5342 + z**2 + 3*z. Let x be 2/2 + -7 - -2. Determine r(x).
-9
Let s(n) = -n**2 - 5*n + 46. Suppose 133*c - 1572 = -129*c. Give s(c).
-20
Suppose 318*p = 330*p + 60. Let h(m) = -9*m**3 + 2*m**2 + 2*m + 1. Let w be h(-2). Let y(i) = -w + 77 + i. Determine y(p).
-5
Let p(k) = -k**2 + 2*k - 3. Let r = 707 + -611. Let a be (27/6)/(-3)*r/(-72). What is p(a)?
-3
Suppose -3*a = 4*r + 15, -10 = 2*r + a + a. Suppose -y + 132 = 3*y + 2*i, -3*i - 6 = r. Suppose -35*m + y*m = -3. Let b(u) = 2*u**2 - 2*u - 1. Calculate b(m).
11
Let i(g) = -6 - 2*g**2 + 12 + 14*g - 10 - 3*g + 19*g. Calculate i(15).
-4
Let k be -1*21/7 + 2 + 0. Let r(m) be the second derivative of 0 + 1/2*m**2 + 8*m + 0*m**3 - m**4. Give r(k).
-11
Let o(q) = -q**2 - 6*q - 2. Let v = -30 + 34. Suppose -6*l + 2*d + 85 = -l, -5*d - 85 = -v*l. Suppose -l*h + 20*h + 15 = 0. Determine o(h).
7
Let y(q) = -6*q + 628. Let a(l) = -7*l + 837. Let b(d) = -3*a(d) + 4*y(d). What is b(-1)?
4
Let a(c) = -58*c + 423. Let y(j) = 346*j + 3121. Let i be y(-9). Give a(i).
17
Let g(w) = 245 - 16*w + 230 + 259 - 760. Give g(0).
-26
Let n(r) = -8*r - 1. Let p(v) = v - 1. Let h(m) = n(m) - 2*p(m). Suppose -136*x + 141*x = 10. Calculate h(x).
-19
Let n(z) be the first derivative of -z**2/2 + 23*z + 3. Let i be n(17). Let t(s) = 12701 - 12697 + 0*s - s. Give t(i).
-2
Suppose 3*l = -u - 3, 3*u = 3*l + 7 + 32. Let n(c) = 1 + 4 - c - u. Let h(q) = 101*q + 6876. Let x be h(-68). Calculate n(x).
-12
Let p(m) = 4*m + 4 - 13 + 3*m. Let k = 48934 + -48928. What is p(k)?
33
Let y = -61103/6 - -10184. Let j(p) be the third derivative of 0 + 0*p - 1/24*p**4 + y*p**3 + 2*p**2. Calculate j(2).
-1
Let j = -6 - -12. Suppose -4*b + j*b = 0. Let i(k) = -3*k - 160 + 6*k + b*k + 162. Determine i(2).
8
Let k(q) be the first derivative of -q**3/3 + 5*q**2 - 20*q - 2130. Determine k(5).
5
Let j(i) be the second derivative of 1/12*i**4 + i**3 + 5/2*i**2 - i + 0. Let r = 830 + -835. What is j(r)?
0
Let b(y) = -y**2 + 27*y - 47*y + 16*y + 16 - 36. Give b(-8).
-52
Let v(w) = -8*w**2 + 34*w - 11. Let n(k) = -k**2 + 2*k - 1. Let g(r) = 6*n(r) - v(r). Determine g(9).
-31
Let n be (-13)/39*20*((-28)/10 - -1). Let t(j) = -j**2 + 19*j - 48. Calculate t(n).
36
Let z(f) = 4 - 3 - 5 - 6*f - 5. Let t be z(-3). Let a(j) = j**3 - 10*j**2 + 10*j + 4. Give a(t).
13
Let z(b) = b**3 + 5*b**2 - 5*b + 19. Let m = -220 + 333. Suppose 0 = -m*n + 105*n - 48. What is z(n)?
13
Let h(c) = c + 19228*c**2 - 38449*c**2 + 19231*c**2. Calculate h(1).
11
Let x(f) = 55*f**2 - 78*f - 1986. Let h(l) = -7*l**2 + 10*l + 248. Let i(b) = -47*h(b) - 6*x(b). What is i(15)?
5
Let s(b) = b**3 + 5*b**2 + 5*b + 6. Let a be s(-4). Let w(v) = v**a + 1 + 6*v + 0*v - 2*v**2 - v. Let z(l) = 9*l - 2. Let g be z(1). Calculate w(g).
-13
Let o(a) be the second derivative of a**4/6 + 7*a**3/6 + 2*a**2 - a. Let j = 277 + -557. Let z = -284 - j. Give o(z).
8
Let g(n) = 1178*n + 9434. Let l be g(-8). Let i(k) = k**3 - 9*k**2 - 13*k + 20. Calculate i(l).
-10
Let u(l) = 9*l**2 - l + 1. Let s(f) be the second derivative of f**4/3 - 2*f**3/3 - 9*f**2/2 + 3*f + 12. Let q be s(-5). Let m = q + -110. Determine u(m).
9
Let s(y) = -y**3 + y - 15. Let z = 33 - 33. Suppose -3*h + 3*p = p + 181, 3*p - 6 = z. Let c = -59 - h. What is s(c)?
-15
Let v(w) = 127. Let a(y) = -13*y - 457. Let t(n) = -a(n) - 3*v(n). Determine t(-3).
37
Let d = 601 + -603. Let n be (9/d)/(-6*15/(-180)). Let w(m) = m + 14. Give w(n).
5
Suppose -163 = -57*w + 19 - 11. Let r(k) = -22*k + 7. Calculate r(w).
-59
Let j(y) be the third derivative of -5*y - 3*y**2 + 0 + 5/6*y**4 + 1/6*y**3. Determine j(-1).
-19
Let r = 13940 - 13948. Let q(t) = -t**2 - 2*t + 31. What is q(r)?
-17
Let y(p) = 3*p**2 - p - 1. Let j(o) = o**2 - 18*o + 2. Let f be 2/2 - (-4 - -4). Let s = f + 17. Let h be j(s). Give y(h).
9
Let o(h) = -h**3 - 16*h**2 + 3*h + 16. Suppose 0 = -2*w - 32*w + 36 - 580. Determine o(w).
-32
Let a(x) = x**3 - 26*x**2 + 71*x - 44. Suppose -167 = -24*m + 115 + 270. Determine a(m).
2
Let f(l) = 15*l**3 + 8*l**2 + 38*l - 82. Let m(a) = -2*a**3 - 2*a**2 - 2*a - 1. Let w(g) = -f(g) - 7*m(g). Determine w(5).
-6
Let r(f) = -f**2 - 9*f - 8. Let d be 5/2*(-1904)/(-170). Let c be (21/d)/(9/(-72)). Give r(c).
10
Let v(t) = -4*t + 179*t**3 - 10 + 2*t + 177*t**3 - 355*t**3 - 5*t**2 - 2*t. Let s(m) = m + 11. Let g be s(-5). Determine v(g).
2
Let i = 11 + -3. Let y(r) be the first derivative of r**4/4 - 8*r**3/3 - r**2/2 + 7*r + 24539. Determine y(i).
-1
Let g(r) = -r + 8. Let p(x) = x - 32 + 26 - 6*x - 61. Let b be p(-15). Let h be 2 + 0 - (2 - b). What is g(h)?
0
Let z(y) = -y**2 - 5*y - 3. Su